 divided by o(7).
8
Let c = 78 + 53. Let g = 118 - 113. Suppose 126 = 4*q - g*k, q + k = -k + 38. Calculate the remainder when c is divided by q.
29
Suppose 7*w - 8*w + 320 = 0. Suppose -w = -22*l + 12*l. What is the remainder when 140 is divided by l?
12
Let i = -131 - -217. Suppose -9 - 40 = -2*l + w, -4*l - 2*w = -i. What is the remainder when l is divided by (-21)/5*(-20)/6?
9
Let q = 2876 + -2538. Calculate the remainder when q is divided by 145.
48
Let x(j) = -3 + 2*j + 4*j + 6 - 5*j. Let t(c) = c + 6. Let n be t(-4). What is the remainder when 18 is divided by x(n)?
3
Let d(q) = -q**3 - 10*q**2 - 2*q - 32. Let c be d(-10). What is the remainder when 994/22 - (0 + c/(-66)) is divided by 7?
3
Suppose 0 = -48*o + 42*o + 54. Let n = 44 - o. What is the remainder when 300 is divided by n?
20
Let l(y) = 3*y**2 + 83*y - 258. Calculate the remainder when 49 + (-7)/((-21)/9) is divided by l(3).
16
Let t be ((-81)/9)/(1 + -2). Let c be (-112)/42*3/(-2) + t. Suppose c*q = -109 + 798. Calculate the remainder when q is divided by 14.
11
Let b = 289 - 279. Suppose -46 = -b*f + 274. Calculate the remainder when 95 is divided by f.
31
Let y = -3669 - -4236. What is the remainder when y is divided by 279?
9
Let v = -82 - -113. Suppose v + 11 = -6*d. Let z = 19 + d. What is the remainder when z is divided by 3?
0
Let m(k) = -5*k**3 - k**2 + 3. Suppose 3*i + 10 = 5*h, h + h - 4 = -5*i. Let w be m(h). Let n = 63 + w. Calculate the remainder when 65 is divided by n.
21
Suppose 606 = 5*o - k, 2*o - 4*k - 304 = -76. Calculate the remainder when o is divided by 89.
33
Let v = -86 + 137. Calculate the remainder when v is divided by 1/2*2 + (60 - 47).
9
Let k(x) = -x**2 + 7*x + 10. Let r(u) = 2*u**2 - 6*u - 5. Suppose 0 = 50*s - 56*s - 6. What is the remainder when k(7) is divided by r(s)?
1
Let q(n) = -35*n + 110. What is the remainder when 164 is divided by q(1)?
14
Let m(q) be the third derivative of q**5/60 + q**4/24 - 37*q**3/6 - 11*q**2 + 2*q. What is the remainder when 94 is divided by m(7)?
18
Let y(i) = 100*i + 4036. What is the remainder when y(-35) is divided by 268?
0
Let g = -121 + 178. Let b(l) = -l**3 - 23*l**2 + 27*l + 2. Let n be b(-23). Let a = n - -625. Calculate the remainder when g is divided by a.
3
Let v(x) = 210*x - 1193. What is the remainder when v(6) is divided by 12?
7
Suppose -19 = a - 5*u, 2*a - 3 = 7*a - 2*u. Let p(o) = -5 + 0*o**2 + 4*o**2 + 3*o - 3*o**2. Calculate the remainder when p(-5) is divided by a.
0
Let t(q) = -q**3 - 7*q**2 + 2*q + 2. Let r be t(5). Let s = r - -294. What is the remainder when 28 is divided by s?
4
Suppose -5*p - 216 = -8*p. Suppose -6*m + p = 2*m. Let c(y) = -y**2 + 17*y - 26. Calculate the remainder when 133 is divided by c(m).
41
Suppose -z + 1673*u = 1672*u - 15, 2*u + 75 = 5*z. What is the remainder when 9/2*(-32)/(-6) is divided by z?
9
Let d = -50 - -220. Let s = -110 + d. What is the remainder when 298 is divided by s?
58
Let i(f) = 2*f**2 - 3*f - 1064. What is the remainder when i(28) is divided by 71?
65
Suppose 5*a - t = 20 - 5, -14 = 3*a + 4*t. Suppose -4*c - 390 = a*c. Let n = c - -112. What is the remainder when n is divided by 8?
7
Suppose -213 - 16 = -5*o + 4*w, -5*w + 175 = 4*o. Calculate the remainder when o is divided by (-14)/(-91) - 189/(-39).
0
What is the remainder when 314 is divided by (116/6)/((-740)/(-2220))?
24
Let q(m) = -607*m - 2547. What is the remainder when q(-5) is divided by 163?
162
Let l be (6/(-15))/(1/(-5)). Suppose -5*c + 3*u + 65 = 0, 2*c - 52 = -2*c + l*u. Let d = -10779 + 10785. What is the remainder when c is divided by d?
1
Suppose 0 = -2*g + n + 95, 2*n + 3*n + 5 = 0. Calculate the remainder when 295 is divided by g.
13
Let o(q) = -q**2 + 5*q + 56. Let f = 39 - 30. Suppose -7*r - 248 = -f*r. What is the remainder when r is divided by o(8)?
28
Let q(x) = 2*x - 175. Let z be q(32). Let m = z - -172. Calculate the remainder when m is divided by 43.
18
Suppose 0 = -831*u + 807*u + 4320. What is the remainder when u is divided by 23?
19
Suppose -4*z - 1616 = -4*r, -115*r = -116*r + 2*z + 410. Calculate the remainder when r is divided by 140.
118
Suppose -11*o + 4*o - 315 = 0. Let v = -19 - o. What is the remainder when v is divided by ((11 - -3) + 4 + -3)/1?
11
Let r(y) = y**3 + 3*y**2 - 6*y - 9. Let i = 51 - 43. Let d(s) = s**2 - 6*s - 15. Calculate the remainder when r(-3) is divided by d(i).
0
Suppose -14*z = -19*z. Suppose 0 = -z*s + 2*s + 3*a - 18, -5*s - 4*a = -38. Suppose -27 = 5*q - 102. What is the remainder when q is divided by s?
3
Suppose -296*a = -310*a + 714. Calculate the remainder when 190 is divided by a.
37
Let x(l) = 4*l**2 + 2*l + 1. Suppose -1242 = 2*a - 2*y, 10*a - 14*a - y - 2494 = 0. Let q = -619 - a. Calculate the remainder when x(-2) is divided by q.
1
Suppose 47*z = -250*z + 121770. What is the remainder when z is divided by 86?
66
Suppose -258 = -4*b - 250. Suppose -2*z = 3*q - 20, 4*z - 38 = b*q - 14. What is the remainder when 8 is divided by z?
1
Suppose -14*s - 20 = -17*s + 4*p, 4*p = -3*s + 76. What is the remainder when 165 is divided by s?
5
What is the remainder when 404 is divided by ((-686)/28 - -14)/((-3)/28)?
12
Let m(h) = -2*h - 12. Let l be m(-3). Let z = -378 - -445. What is the remainder when z is divided by (-14)/(-4)*(-12)/l?
4
Suppose 3*d - 107 = 34. Let z = 698 + -704. What is the remainder when d is divided by 10*(12/(-40) + z/(-4))?
11
Suppose -3*o - 2*g = -196, -g + 3 = 1. Suppose i - 19 = 2*b, -o = -3*i + 2*b - 3*b. Calculate the remainder when 104 is divided by i.
20
Suppose 4*z + 3*a - 300 = 0, -3*z + 137 = 2*a - 89. Let v(k) = -80*k + 6. Calculate the remainder when v(-2) is divided by z.
10
Let v(x) = -2*x**3 + 24*x**2 + 44*x - 103. Let q = -27 - -49. What is the remainder when v(13) is divided by q?
21
Let u(l) = -34*l + 151. Let k be u(4). Suppose k*d - 346 = 1484. What is the remainder when d is divided by 18?
14
Let p(l) = -l**2 + 73*l - 281. What is the remainder when 4160 is divided by p(66)?
178
Let s(t) = 27*t**2 + t - 3. Suppose -30*b - 76092 = -40*b - 92*b. Calculate the remainder when b is divided by s(2).
104
Calculate the remainder when (1 - 3862/4)*(-56 - 5740/(-105)) is divided by 20.
6
Suppose -39*t - 29850 = -189*t. Calculate the remainder when t is divided by 52.
43
Let b be 0 + -6 + (-24)/(-4). Suppose 153*i - 150*i - 72 = b. What is the remainder when 621 is divided by i?
21
Let q(n) = -261*n - 5672. What is the remainder when 6089 is divided by q(-22)?
69
Suppose 66 = 2*o + g - 0*g, 104 = 3*o - g. Suppose 0 = -2*v + 3*d + 16, -26*v - o = -29*v + 2*d. Calculate the remainder when 55 is divided by v.
13
Suppose 0 = 3731*u - 3676*u - 208945. Calculate the remainder when u is divided by 76.
75
Suppose -4*o + 202 = -10. Let x(a) = 5*a**2 + 204*a - 26. What is the remainder when o is divided by x(-41)?
8
Suppose -130 = -i - 4*k, -3*i - 4*k = 56 - 398. What is the remainder when i is divided by 58?
48
Let t(g) = -g**2 - 11*g - 9. What is the remainder when ((-149)/(-30))/((-332)/(-9960)) is divided by t(-7)?
16
Calculate the remainder when 1148 is divided by 51/(-68) + 194*(-18)/(-48).
68
Suppose 0*w + 4*u - 5272 = -3*w, u - 5278 = -3*w. Let s = w - 1190. Calculate the remainder when s is divided by 22.
20
Let c = -19694 + 19710. Let i(q) = 19*q**2 - 2*q - 2. Calculate the remainder when i(-3) is divided by c.
15
Suppose -3*s = 15984 - 21879. What is the remainder when s is divided by 73?
67
Let w be (-16)/(-5)*(-30)/4. Let a = -12 - w. Let d = -508 + 554. Calculate the remainder when d is divided by a.
10
Suppose -7*f + 348 = -4*f. Let w = f - 210. Let n = w + 153. Calculate the remainder when n is divided by 33.
26
Let k(w) = -13*w**3 + 292*w**2 - 2*w + 74. What is the remainder when k(22) is divided by 173?
166
Let j(h) be the first derivative of h**3/3 + 8*h**2 + 2*h - 13. Let d be j(-16). What is the remainder when (22/(-8))/(7/(-28)) - d is divided by 2?
1
Let w(k) = k + 9. Calculate the remainder when 4/26 + 27/((-3861)/(-2266)) is divided by w(-5).
0
Let p(o) = o**3 - 20*o**2 - 177*o + 31 - 4*o**2 + 199*o. What is the remainder when p(23) is divided by 6?
2
Let p(o) = o**3 + 11*o**2 + 26*o + 17. What is the remainder when 6725 is divided by p(-7)?
29
What is the remainder when 10/4